{"id":115,"date":"2022-08-31T14:54:22","date_gmt":"2022-08-31T11:54:22","guid":{"rendered":"https:\/\/www.fysijoni.fi\/?page_id=115"},"modified":"2025-04-17T15:25:55","modified_gmt":"2025-04-17T12:25:55","slug":"fysioterapia","status":"publish","type":"page","link":"https:\/\/www.fysijoni.fi\/index.php\/1-2\/fysioterapia\/","title":{"rendered":"FYSIOTERAPIA"},"content":{"rendered":"\n<p>60min 99\u20ac<\/p>\n\n\n\n<p>Ty\u00f6kokemusta ammattiurheilijoista terveysliikkujiin, yksil\u00f6ist\u00e4 urheiluseuroihin.<\/p>\n\n\n\n<p>P\u00e4\u00e4kaupunkiseudulla sopimuksen mukaan.<\/p>\n\n\n\n<p><\/p>\n","protected":false},"excerpt":{"rendered":"<p>60min 99\u20ac Ty\u00f6kokemusta ammattiurheilijoista terveysliikkujiin, yksil\u00f6ist\u00e4 urheiluseuroihin. P\u00e4\u00e4kaupunkiseudulla sopimuksen mukaan.<\/p>\n","protected":false},"author":1,"featured_media":0,"parent":7,"menu_order":2,"comment_status":"closed","ping_status":"closed","template":"","meta":{"footnotes":""},"class_list":["post-115","page","type-page","status-publish","hentry","entry"],"_links":{"self":[{"href":"https:\/\/www.fysijoni.fi\/index.php\/wp-json\/wp\/v2\/pages\/115","targetHints":{"allow":["GET"]}}],"collection":[{"href":"https:\/\/www.fysijoni.fi\/index.php\/wp-json\/wp\/v2\/pages"}],"about":[{"href":"https:\/\/www.fysijoni.fi\/index.php\/wp-json\/wp\/v2\/types\/page"}],"author":[{"embeddable":true,"href":"https:\/\/www.fysijoni.fi\/index.php\/wp-json\/wp\/v2\/users\/1"}],"replies":[{"embeddable":true,"href":"https:\/\/www.fysijoni.fi\/index.php\/wp-json\/wp\/v2\/comments?post=115"}],"version-history":[{"count":4,"href":"https:\/\/www.fysijoni.fi\/index.php\/wp-json\/wp\/v2\/pages\/115\/revisions"}],"predecessor-version":[{"id":164,"href":"https:\/\/www.fysijoni.fi\/index.php\/wp-json\/wp\/v2\/pages\/115\/revisions\/164"}],"up":[{"embeddable":true,"href":"https:\/\/www.fysijoni.fi\/index.php\/wp-json\/wp\/v2\/pages\/7"}],"wp:attachment":[{"href":"https:\/\/www.fysijoni.fi\/index.php\/wp-json\/wp\/v2\/media?parent=115"}],"curies":[{"name":"wp","href":"https:\/\/api.w.org\/{rel}","templated":true}]}}